et j(q) = q**2 + 5*q + 2. Let m be j(p). Suppose g = -0*g + m. What is the greatest common factor of 57 and g?
19
Suppose -133 = -y - 5. Suppose -36 = 2*i + 2*a - y, -3*a = -4*i + 170. Calculate the greatest common divisor of 4 and i.
4
Let w be (14/5)/(7/35). Suppose -21 - 91 = -2*y. Calculate the greatest common divisor of y and w.
14
Suppose n + 90 = 5*n + 3*q, 0 = -4*n + 3*q + 102. Suppose g - 12 = 24. What is the highest common divisor of n and g?
12
Suppose -89 = -5*t + 61. What is the greatest common factor of 330 and t?
30
Let p(q) = -4*q - 11. Suppose -27 + 3 = -3*l. Let s be p(l). Let r = s + 230. What is the highest common factor of 17 and r?
17
Let x(j) = 2*j + 11. Let d be x(-8). Let h = 11 + d. Suppose -4*r + 28 = -4*y, -h*y = -4*r - y + 32. What is the highest common factor of 3 and r?
3
Suppose -3*h = -h + z - 82, -2*h + 70 = -5*z. Calculate the highest common divisor of 440 and h.
40
Let c(t) be the third derivative of -t**4/12 + 5*t**3/3 + t**2. Let p be c(7). Let l be 4*(-2)/p + 6. Calculate the greatest common divisor of 40 and l.
8
Let a(n) = 2*n**3 - 4*n**2 + 5*n. Let p(f) = f**2 - 3*f - 6. Let m be p(5). Let o be a(m). Calculate the highest common divisor of 14 and o.
14
Suppose -5*u + 161 = -t + 3*t, 160 = 2*t + 4*u. What is the greatest common factor of 52 and t?
26
Let k(i) = 7*i + 0*i**2 + i**2 - 5 + 3 - 2. Let d be (-4)/(-18) - (-166)/(-18). Let t be k(d). Calculate the greatest common divisor of 84 and t.
14
Suppose 0*g + 2*a = -3*g - 9, 2*a = -5*g - 11. Let j be (g/(-1) - 2)/(-1). Calculate the highest common factor of 4 and j.
1
Let k be (3*-2)/((-1)/2). Let o = 4 + 8. Calculate the greatest common divisor of k and o.
12
Let v be ((-2)/3)/(6/(-135)). Calculate the highest common factor of v and 15.
15
Let o = 7 + -4. Let a(c) = c**2 - 2*c. Let p be a(o). Calculate the greatest common factor of p and 15.
3
Let k(b) = b + 12. Let r be k(-6). Let v = r - 4. Calculate the highest common factor of v and 2.
2
Let x = 2 - 5. Let v be x - -1 - (-7 + 2). Calculate the highest common factor of v and 1.
1
Let d = 3 - 1. Suppose 3*a = d*k - 2, -5*k - a = -4*a - 14. Suppose 5*g - l = 93, -k*g + 3*l = -0*g - 81. What is the greatest common divisor of g and 18?
18
Suppose 24 - 216 = -12*b. Let z(r) = r**2 + 2*r + 1. Let n be z(-3). Calculate the greatest common divisor of n and b.
4
Let i = -22 + 13. Let g = -8 - i. Let b(s) = 34*s**2 + 2*s - 1. Let w be b(g). What is the greatest common factor of w and 5?
5
Let l(f) = f**3 + 11*f**2 - 17*f - 37. Let t be l(-11). What is the highest common factor of 30 and t?
30
Let a be ((-78)/12)/(1/(-2)). What is the highest common factor of a and 13?
13
Let w(j) = -j**2 + 7*j - 1. Let g be w(6). Suppose 2*b - 3*y = 29, -3*b + 37 + 9 = -g*y. Calculate the highest common divisor of b and 14.
7
Let d be -7*(3 - (-1 + -10)). Let m = d - -241. What is the greatest common factor of m and 13?
13
Let p(a) = a**2 - 6*a + 8. Let q be p(6). Let z = 14 - q. What is the greatest common divisor of 12 and z?
6
Let n be (9 - -19)/(2 + (-12)/7). Calculate the highest common divisor of n and 14.
14
Let r(n) = -4 + 4 - 3 + 2 + 15*n. Let u be r(1). Let g(a) = 15*a - 3. Let p be g(3). Calculate the greatest common divisor of p and u.
14
Let k be (5/(-15))/((-1)/18). Suppose 2*x + k = -0. Let u be 2/3*-7*x. Calculate the highest common factor of 7 and u.
7
Let t be ((-4)/(-8))/((-3)/(-18)). Calculate the greatest common divisor of t and 3.
3
Let d(y) = y + 7. Let h be d(-10). Let t be 21/2 - h/(-6). What is the highest common divisor of t and 80?
10
Let q be (28/5 - 2)*10. What is the greatest common factor of q and 60?
12
Let b(c) = -c**3 - 5*c**2 + 10*c - 1. Let q be b(-7). Let v = q - -18. Let n be ((-324)/(-45))/((-4)/(-10)). What is the greatest common divisor of v and n?
9
Suppose -18*j = -16*j - 100. Let r be ((-15)/4)/((-3)/8). What is the highest common divisor of r and j?
10
Let l be 21/2*48/28. Suppose 68 = 5*t + l. Calculate the highest common factor of 15 and t.
5
Suppose -2*s + 50 = 3*s. Let c = 20 - s. What is the highest common factor of 50 and c?
10
Let q = -62 - -150. Let i = 14 - 30. Let w = 24 + i. What is the highest common divisor of w and q?
8
Suppose -4*d + 1 + 3 = 2*m, -5*d - 15 = 0. What is the greatest common factor of m and 4?
4
Suppose 0 = y + 37 + 14. Let z be y*(1/3)/(-1). What is the highest common factor of z and 187?
17
Let a = 2 - 0. Let u be (-9)/a*(-4)/3. Let v = 131 + -89. What is the greatest common factor of u and v?
6
Suppose 0*i = -i + 2, -5*i = -3*h + 53. Calculate the highest common divisor of 7 and h.
7
Let y = 27 - 12. Suppose 0 = 4*h - 4*s + s - y, 4*s + 6 = 3*h. Let r = h - 4. Calculate the greatest common divisor of r and 5.
1
Let f be 13 - (0 + -1 + 5). Calculate the greatest common divisor of 3 and f.
3
Let q = -6 - -8. Suppose -3*g = -q*g - 10. Calculate the greatest common divisor of g and 10.
10
Let k = -3 + 33. Let l = 3 - -3. What is the highest common factor of k and l?
6
Let v(x) = -6*x - 2. Let g be v(-12). Suppose -5*k = i + 22 + 2, 0 = 3*i - 2*k + 89. Let j be 4/(-8) - i/2. What is the greatest common factor of g and j?
14
Suppose -3*h + 5*h = 4. Let p(k) = 7*k + 2. Let g be p(h). Let s be 1*-3 + (5 - 0). Calculate the greatest common divisor of g and s.
2
Suppose -10*d + 3*d = -98. What is the highest common divisor of 7 and d?
7
Let w = 15 + 19. Suppose -5*x = 4*v - 45, -x = 4*v - 7 - 18. Suppose 0*t + 425 = v*t. Calculate the highest common divisor of t and w.
17
Suppose -9 = 3*r - 0. Let z(n) = 5*n**2 - 4*n - 1. Let b be z(r). Suppose -5*p + b - 6 = 0. What is the highest common factor of 5 and p?
5
Suppose 5*z + 4*y - 45 = 0, 2*z + 5*y = z - 12. Calculate the greatest common factor of 104 and z.
13
Let n = -1 - -4. Let u = n + -1. Suppose 0 = -u*o + 7 + 41. Calculate the highest common factor of o and 12.
12
Let o be 8/(-6)*(-16 + 1). What is the highest common divisor of 5 and o?
5
Let b = 112 + -78. Calculate the highest common divisor of 17 and b.
17
Let y be (-1)/1 + 65/5. What is the highest common factor of 36 and y?
12
Let w be (1 + (-68)/20)*240/(-2). Calculate the highest common divisor of w and 36.
36
Suppose -2*s + 0*s + 188 = 0. Let z = s - 32. Suppose -5*f + 58 + z = 0. Calculate the greatest common divisor of f and 36.
12
Let q be (-9)/(-4)*80/15. What is the highest common factor of q and 132?
12
Suppose -2*p - 7 = -3. Let l be p - (-4 - -2 - -19). Let k = l + 30. What is the greatest common divisor of 88 and k?
11
Let l be ((-212)/10)/(4/(-20)). Suppose -l = -3*n + 5*p, -n - p = -0*p - 30. Calculate the highest common factor of 48 and n.
16
Suppose 19*b + 13 = 146. Suppose -4*m + 12 = 0, 3*s + 0*m - 225 = 2*m. Calculate the greatest common factor of b and s.
7
Let w(a) = 2*a - a**2 + 2 - a - 5*a - 4*a. Let d be w(-8). Calculate the greatest common divisor of d and 18.
2
Let h = 5 + 2. Calculate the highest common factor of 14 and h.
7
Let i(k) = k**3 - 4*k**2 + 6*k + 2. Suppose -2*g - 3*d = -5*g + 24, 4*g - 8 = -4*d. Let w be i(g). Calculate the highest common factor of 38 and w.
19
Suppose -5*p + 39 = 2*j, 0*j = -j + 5*p + 27. Calculate the greatest common divisor of 220 and j.
22
Suppose 9 = -5*t + 29. Calculate the greatest common divisor of 28 and t.
4
Let k = -6 + 10. Suppose -2*c - 4 = 0, k*r = -4*c - 0*c + 172. What is the highest common divisor of 5 and r?
5
Let f be (-1119)/(-12) + 3/4. Let z = f - 65. What is the highest common factor of 58 and z?
29
Let o(j) = -6*j**3 + j**2 + j. Suppose 0 = -2*p + p + 7. Let z = p + -8. Let s be o(z). What is the greatest common divisor of s and 18?
6
Suppose 2*c + 9 = -c. Let h(w) = -13*w + 2*w + 5*w - 4. Let f be h(c). What is the greatest common divisor of f and 42?
14
Let f = 2 + 2. Suppose -3*p + 99 = 9. Suppose 30 = 3*r - p. What is the highest common divisor of r and f?
4
Let q = -42 + 43. Calculate the greatest common divisor of 3 and q.
1
Let o(b) = b**2 - 2*b - 18. Let a be o(-7). Calculate the highest common factor of a and 10.
5
Suppose -2*g = -4*s + 6, 0*s + 4*s - 5*g = -9. Suppose -3*l = -l - s. Suppose 0 = l*w - 3*w + 18. Calculate the greatest common factor of 6 and w.
6
Let i(o) = o + 17. Suppose -3 = -p - 1. Suppose 0 = p*x + 28 - 6. Let h be i(x). What is the hig